))/((-34)/(-7565)). Suppose -2*s - z = -h*y - 3*s, -s + 87 = y. Is y composite?
True
Suppose 9*d + 51 = 69. Suppose d*q - 2*j - 10092 = 0, 11924 - 1852 = 2*q + 3*j. Is q prime?
False
Let b = 19 + -16. Suppose -10793 + 4097 = b*u. Let n = u - -4027. Is n composite?
True
Suppose -43*y + 1583251 = -4038758 + 1762200. Is y a composite number?
True
Suppose -4*s = -3*s. Suppose 0 = -3*h - 3*u + 1347, -4*h + s*h + 1796 = 5*u. Suppose -40 - h = -3*b. Is b a prime number?
True
Let g(j) = 24*j**2 + 162*j - 2119. Is g(16) prime?
False
Let o be ((-1092)/15)/((-6)/15). Let n = -43 + o. Is n a prime number?
True
Suppose -f + 0*f - 2*r = -1704, -f + 1707 = r. Let o = -2496 + f. Let j = 1145 + o. Is j a prime number?
True
Suppose 3*h + 3*u = 882450, 0 = 5*h + 4*u - 1557187 + 86430. Is h prime?
True
Is -23 + (-4 - -19) + 15619 a composite number?
True
Let f be 66/(-10) - -1 - 171/(-285). Let s(o) = -69*o + 40. Let z be s(f). Suppose -166 = -i + z. Is i prime?
False
Suppose 5*r = 50*r - 1149165. Is r a composite number?
False
Is 6/22 - (-1736488)/(-22)*-10 prime?
False
Suppose 328*i = 92*i + 40779148. Is i a composite number?
True
Let w be (12/8)/(5/10). Is 9460 - (0 + w)*(-1)/3 a prime number?
True
Suppose x = 3*x + 4*m - 69476, -138964 = -4*x - 4*m. Suppose 21*q - x + 2005 = 0. Is q prime?
True
Suppose -12 + 4 = -4*k. Let c(v) = 4 - 10*v**2 + v**3 - 10*v + 1 + 13*v**k + 0*v. Is c(6) a prime number?
True
Suppose 12*p + 273243 = 15*p - 3*q, -3*p - 5*q = -273227. Is p prime?
True
Suppose -2*y = 200*y - 81739906. Is y prime?
False
Let s(i) = 423*i**2 + 11*i + 53. Is s(15) a composite number?
False
Suppose 5*a = 1 + 24. Suppose -5*q = 5*b - 20, q = -4*q + a*b - 20. Is ((-449)/(-2))/(q + 3/6) a composite number?
False
Suppose 688170 = 35*r - 26*r + 3*s, 0 = -5*r - s + 382316. Is r a composite number?
False
Suppose 4*k + 2077 + 2318 = 5*y, 5*k = 11*y - 9650. Suppose r = 4*r - 8028. Let n = r - y. Is n composite?
False
Suppose l + 3 = -0*l. Suppose 3*k + i = k, 0 = k - 5*i + 22. Is (k - 0) + (l - (0 + -303)) a composite number?
True
Let n(y) = 499*y - 97. Let p be n(-27). Let k = -8819 - p. Is k prime?
True
Let p be -2 - (5 + -7) - (3 + -42927). Suppose -p = -6*d - 942. Is d composite?
False
Let b(h) = 6*h**2 + h**2 + 75 - 78 + 37*h + 27*h**2. Is b(-10) composite?
True
Let c = -631501 + 972785. Suppose -82044 - c = -32*m. Is m composite?
False
Let t(l) be the second derivative of -5/2*l**2 + 225*l**3 + 13*l + 0. Is t(1) a composite number?
True
Let z(c) = 8305*c - 70. Let y be z(5). Suppose 0*w - w = 3*h - 8275, 5*w - y = 5*h. Is w prime?
True
Let n(t) = 75668*t + 1071. Is n(11) composite?
True
Let f(i) = -i**3 - i**2 - 37*i + 9733. Is f(0) prime?
True
Suppose 0 = -9*r + 5 - 59. Let a be (-15)/2 + r/4 + 2. Let s(v) = -305*v + 14. Is s(a) prime?
False
Suppose 3*b = 24*d - 29*d + 31356, 3*b - 2*d = 31335. Is b a composite number?
True
Suppose -3*x - 5*c = -8*x + 40, -4*x = 2*c - 14. Suppose -2448 = -x*t + 3617. Is t composite?
False
Suppose -8*p = 5*y - 4*p - 19, 0 = 4*y - 4*p - 8. Let g(q) = 8*q - 7 - 4 + 8*q**2 - 3*q**y + 0. Is g(-6) composite?
False
Suppose -2*p - 5*k + 49768 = 0, 0 = 2*p - 116*k + 111*k - 49788. Is p a composite number?
False
Suppose 0 = 3*i + 3*g - 4*g + 203, 75 = -i + 4*g. Let w(z) = -z + 744. Let m be w(0). Let l = i + m. Is l composite?
False
Suppose 0 = 7*j - 9*j + 4, 0 = 2*v + j - 11916. Suppose -1462 = 5*k - v. Is k a composite number?
True
Let x be (2 - (-10)/(-4))*(-23 - -19). Let t(d) = 314*d**2 - 3*d - 2. Let a be t(x). Is (-4)/20 - a/(-15) prime?
True
Suppose 4 - 11 = -k. Suppose k*c + c = 4520. Is c prime?
False
Let a(g) = -g. Let x(m) = 231*m + 18. Let s(q) = 2*a(q) + x(q). Let v = 14 + -9. Is s(v) prime?
True
Let r(m) = 221*m**3 - 3*m**2 + 4*m - 3. Suppose -f = -3*g - 11, -2*f + 3*g + 17 = 2*f. Is r(f) a prime number?
False
Let z(u) = 174*u**2 + 243*u + 56. Is z(-46) a prime number?
False
Let b(t) = t**3 - 12*t**2 - 11*t + 31. Let l be -2 + ((-16)/(-20))/(2/10). Suppose -l*k = -6*k + 56. Is b(k) a composite number?
False
Let l(b) = 11*b**3 - 6*b**2 + 3*b - 7. Let w = 30 - 28. Suppose 4*s - 7 = -3*n, s = -3*s + w*n + 22. Is l(s) a composite number?
False
Suppose 6228*r - 6277*r = -2496599. Is r prime?
True
Let z = -102 - -120. Suppose -6*t - 6876 = -z*t. Is t composite?
True
Suppose -2*f = 2*s - s - 644, -f + 3 = 0. Suppose 0 = 4*n + 20, s = -5*r + 3*n + 55518. Is r a composite number?
False
Let s(l) = -l**2 - l + 75. Let f be s(-9). Let b = 13 + -7. Suppose 0 = -f*m + b*m - 795. Is m a composite number?
True
Suppose 13568 = 4*y + 4*r, -597*r = 3*y - 598*r - 10152. Is y prime?
False
Suppose -4*g - 2*k = 16140, -2*k - 8070 = 2*g - 6*k. Let h be g/10*4 + -4. Let l = h + 2496. Is l a prime number?
False
Suppose -r - 10 = -12. Suppose -r*i + 9 = -3. Is -1 + 5/i + 3261/18 prime?
True
Let u be 16 - -42211 - (1 - 2)*3. Suppose 3*s = -s, -4*s = 4*q - 52. Suppose 0 = -q*w + u - 3867. Is w prime?
False
Let q = -11 + 16. Let b = 120 + -117. Suppose 5*j - b*m + 287 = 5695, -5*m + 5400 = q*j. Is j a prime number?
False
Let l(m) = -4*m**3 + m**2 + 2*m - 2. Let i be l(1). Let q(a) = -31*a**3 + a**2 + a + 5. Let z be q(i). Let d = z + -103. Is d a composite number?
True
Suppose 15*d = 10*d + 10. Suppose h + d = 805. Is h prime?
False
Let c(p) = -3*p**2 - 10*p + 1. Let y be c(-3). Suppose 0 = 2*f + y*s - 2862, -s = 2*s + 12. Is f prime?
True
Suppose -741634 = 32*k - 12*k - 2607614. Is k prime?
False
Let u be -54*30/(-2) - -1. Suppose -4*r = -2*b - 884, 4*r - 3*b - 450 - 432 = 0. Let x = u - r. Is x prime?
False
Suppose 32*o = -r + 35*o + 62966, 3*o - 314812 = -5*r. Is r prime?
False
Suppose -3*g - 2*z = -4, 0 = -5*z - 5 + 15. Suppose -5*q = d - 26136, g*q - 52332 = -2*d + 2*q. Suppose 0 = 10*j + d - 68871. Is j prime?
True
Let v be (-1 - -2) + 1/(7/28). Suppose 0 = 5*u + 5*p - 27615, 0 = -v*u - 12*p + 15*p + 27583. Is u composite?
False
Let x(b) = -b - 3. Let q be x(19). Let j be q/33*(2 - 2701/2). Let p = j - 540. Is p prime?
True
Suppose 97*t - 99*t - 8 = 0. Is -23*t/((-8)/(-146)) composite?
True
Suppose -2*d + 3*z = -192257, -7*d = -12*d + 4*z + 480639. Is d composite?
True
Suppose 0 = 11*j - 0*j - 19822. Is ((-39)/12 - 1/(-4)) + j composite?
True
Let n be 12/(-9)*231/(-44). Let y(s) = 217*s - 60. Is y(n) a composite number?
False
Let j(n) = 2*n**2 - 23*n - 7. Let b be j(12). Suppose 3*i - p - 4*p - 39121 = 0, 0 = -b*i + 3*p + 65207. Is -2*i*(-2)/8 a composite number?
False
Let l = 46 + -43. Suppose -21 + l = -9*t. Suppose -3237 = -3*u - 0*u + 2*k, -t*u + 5*k = -2158. Is u a prime number?
False
Let y(u) = -u**3 + 11*u**2 - 10*u - 6. Let d be y(9). Suppose -2*w + 24 = d. Is (21/(-18) + (-14)/w)*-986 composite?
True
Suppose 12*d + 2707010 = 22*d. Is d prime?
True
Let f = 177 - 179. Is f/(-14) + 12024/63 a composite number?
False
Let h = -1163824 + 2615031. Is h composite?
True
Let v be (2 - -4)/((-6)/(-4)). Suppose -2*k = -v - 0. Suppose 4*b = -3*f + 635, f + 492 = 3*b - k*f. Is b composite?
True
Suppose -5*x = 16*x - 2891068 - 3076061. Is x prime?
True
Suppose 22412818 = 69*t - 14*t + 1576673. Is t prime?
False
Suppose 83*o - 23008 = -4*k + 86*o, 0 = 3*k - 4*o - 17263. Is k a prime number?
True
Let r(b) = -145 + 709*b + 66 - 170 - 66 + 18*b. Is r(8) prime?
True
Let r(n) = 7*n**3 - 63*n**2 - 88*n + 73. Is r(26) a prime number?
True
Suppose j - m - 4531 = 0, -5*j - 4*m = -5*m - 22667. Let y = j + -2865. Is y composite?
False
Suppose -5*s + 19 = -4*s. Suppose -17*n = -s*n + 1038. Suppose 0 = 3*f - 1980 + n. Is f a prime number?
True
Let i(y) = 79*y**2 - y + 15. Let a(c) = -156*c**2 + c - 31. Let o(g) = 2*a(g) + 5*i(g). Is o(-5) composite?
True
Let z = 3088 + 923. Let a be z/(-7)*(-2)/(-6). Let u = -94 - a. Is u composite?
False
Suppose -49*q + 4*k = -50*q + 9, -18 = -2*q + k. Let s(t) = 31*t**3 + 3*t**2 - 7*t + 8. Is s(q) composite?
False
Let f = -281539 - -889844. Is f prime?
False
Let h = -335 - -346. Let n(r) = -12*r**2 + 14*r + 30. Let l(x) = -x**2 + x + 1. Let a(b) = 10*l(b) - n(b). Is a(h) composite?
True
Suppose 605*d - 600*d = 236635. Is d a composite number?
True
Suppose -a + 5 = 1. Suppose -o + 2*i + 738 = 0, 0 = -5*o + a*i + 1858 + 1844. Suppose 4*b - o = 846. Is b composite?
False
Is 17008 + ((-3)/(-2))/(1/2) a composite number?
False
